
What is the units digit of 6762?
2
What is the tens digit of 543?
4
What is the thousands digit of 27952?
7
What is the tens digit of 101807?
0
What is the tens digit of 31418?
1
What is the tens digit of 11675?
7
What is the units digit of 1118?
8
What is the hundreds digit of 15629?
6
What is the thousands digit of 27776?
7
What is the thousands digit of 4879?
4
What is the units digit of 7709?
9
What is the thousands digit of 11548?
1
What is the tens digit of 7680?
8
What is the hundreds digit of 545?
5
What is the units digit of 59?
9
What is the hundreds digit of 13574?
5
What is the thousands digit of 55012?
5
What is the thousands digit of 81342?
1
What is the units digit of 753?
3
What is the hundreds digit of 1638?
6
What is the hundreds digit of 11015?
0
What is the tens digit of 945?
4
What is the thousands digit of 27362?
7
What is the units digit of 1114?
4
What is the hundreds digit of 45688?
6
What is the thousands digit of 48684?
8
What is the thousands digit of 2272?
2
What is the tens digit of 1090?
9
What is the thousands digit of 4967?
4
What is the tens digit of 664?
6
What is the units digit of 8559?
9
What is the units digit of 5447?
7
What is the tens digit of 19359?
5
What is the hundreds digit of 16525?
5
What is the units digit of 76920?
0
What is the units digit of 34916?
6
What is the hundreds digit of 49449?
4
What is the hundreds digit of 12540?
5
What is the hundreds digit of 5440?
4
What is the units digit of 17271?
1
What is the tens digit of 1208?
0
What is the tens digit of 14610?
1
What is the hundreds digit of 6710?
7
What is the thousands digit of 2454?
2
What is the tens digit of 305?
0
What is the tens digit of 1559?
5
What is the units digit of 2049?
9
What is the hundreds digit of 1787?
7
What is the ten thousands digit of 19279?
1
What is the thousands digit of 126484?
6
What is the hundreds digit of 838?
8
What is the hundreds digit of 612?
6
What is the tens digit of 76882?
8
What is the tens digit of 1159?
5
What is the thousands digit of 2648?
2
What is the tens digit of 35145?
4
What is the tens digit of 879?
7
What is the tens digit of 10663?
6
What is the units digit of 52575?
5
What is the hundreds digit of 4991?
9
What is the units digit of 25386?
6
What is the tens digit of 34644?
4
What is the hundreds digit of 3653?
6
What is the units digit of 1594?
4
What is the ten thousands digit of 24287?
2
What is the tens digit of 866?
6
What is the hundreds digit of 869?
8
What is the thousands digit of 8965?
8
What is the tens digit of 5792?
9
What is the tens digit of 869?
6
What is the hundreds digit of 23500?
5
What is the hundreds digit of 49291?
2
What is the thousands digit of 2202?
2
What is the hundreds digit of 17022?
0
What is the hundreds digit of 38728?
7
What is the units digit of 537?
7
What is the tens digit of 1037?
3
What is the hundreds digit of 9972?
9
What is the hundreds digit of 490?
4
What is the tens digit of 43666?
6
What is the hundreds digit of 4279?
2
What is the thousands digit of 17281?
7
What is the units digit of 3811?
1
What is the thousands digit of 7891?
7
What is the units digit of 636?
6
What is the units digit of 189989?
9
What is the hundreds digit of 8168?
1
What is the hundreds digit of 8751?
7
What is the ten thousands digit of 68134?
6
What is the ten thousands digit of 50203?
5
What is the tens digit of 1303?
0
What is the units digit of 443?
3
What is the tens digit of 7986?
8
What is the ten thousands digit of 11225?
1
What is the units digit of 725?
5
What is the units digit of 533?
3
What is the units digit of 1487?
7
What is the units digit of 11371?
1
What is the tens digit of 4859?
5
What is the thousands digit of 2340?
2
What is the thousands digit of 3629?
3
What is the hundreds digit of 239?
2
What is the hundreds digit of 19473?
4
What is the hundreds digit of 48832?
8
What is the thousands digit of 1680?
1
What is the units digit of 256?
6
What is the units digit of 296?
6
What is the hundreds digit of 41280?
2
What is the thousands digit of 1220?
1
What is the units digit of 3360?
0
What is the tens digit of 781?
8
What is the thousands digit of 1183?
1
What is the thousands digit of 22315?
2
What is the thousands digit of 40097?
0
What is the thousands digit of 1481?
1
What is the ten thousands digit of 35783?
3
What is the units digit of 952?
2
What is the tens digit of 74103?
0
What is the tens digit of 911?
1
What is the ten thousands digit of 31415?
3
What is the tens digit of 5180?
8
What is the units digit of 94235?
5
What is the units digit of 18714?
4
What is the tens digit of 421?
2
What is the units digit of 1133?
3
What is the tens digit of 79?
7
What is the tens digit of 712?
1
What is the ten thousands digit of 35755?
3
What is the hundreds digit of 185?
1
What is the ten thousands digit of 19268?
1
What is the hundreds digit of 3036?
0
What is the tens digit of 79?
7
What is the units digit of 10096?
6
What is the thousands digit of 36894?
6
What is the units digit of 278?
8
What is the thousands digit of 2168?
2
What is the tens digit of 73?
7
What is the units digit of 2129?
9
What is the thousands digit of 6431?
6
What is the units digit of 4018?
8
What is the hundreds digit of 1245?
2
What is the tens digit of 287?
8
What is the tens digit of 88906?
0
What is the hundreds digit of 515?
5
What is the hundreds digit of 1273?
2
What is the thousands digit of 28336?
8
What is the thousands digit of 26754?
6
What is the hundreds digit of 1353?
3
What is the hundreds digit of 4641?
6
What is the tens digit of 147979?
7
What is the units digit of 8275?
5
What is the tens digit of 51687?
8
What is the ten thousands digit of 10583?
1
What is the units digit of 31116?
6
What is the hundred thousands digit of 141200?
1
What is the ten thousands digit of 105631?
0
What is the tens digit of 17222?
2
What is the units digit of 1021?
1
What is the thousands digit of 40164?
0
What is the thousands digit of 5680?
5
What is the tens digit of 2784?
8
What is the tens digit of 102?
0
What is the hundreds digit of 208?
2
What is the thousands digit of 2567?
2
What is the hundreds digit of 47693?
6
What is the tens digit of 616?
1
What is the hundreds digit of 55635?
6
What is the thousands digit of 38292?
8
What is the thousands digit of 8152?
8
What is the units digit of 369?
9
What is the units digit of 2280?
0
What is the units digit of 65734?
4
What is the thousands digit of 6612?
6
What is the tens digit of 297?
9
What is the units digit of 7383?
3
What is the units digit of 77971?
1
What is the thousands digit of 1018?
1
What is the units digit of 412?
2
What is the tens digit of 5243?
4
What is the thousands digit of 2448?
2
What is the units digit of 6045?
5
What is the thousands digit of 12956?
2
What is the thousands digit of 52628?
2
What is the units digit of 19381?
1
What is the units digit of 520?
0
What is the hundreds digit of 8119?
1
What is the tens digit of 352?
5
What is the ten thousands digit of 15729?
1
What is the hundreds digit of 30299?
2
What is the hundreds digit of 2624?
6
What is the tens digit of 2369?
6
What is the units digit of 16418?
8
What is the hundreds digit of 562?
5
What is the hundreds digit of 14468?
4
What is the tens digit of 108809?
0
What is the hundreds digit of 3836?
8
What is the hundreds digit of 54400?
4
What is the hundreds digit of 1932?
9
What is the units digit of 41625?
5
What is the ten thousands digit of 118565?
1
What is the thousands digit of 2477?
2
What is the units digit of 316?
6
What is the units digit of 90561?
1
What is the ten thousands digit of 13767?
1
What is the thousands digit of 25752?
5
What is the hundreds digit of 7089?
0
What is the tens digit of 788?
8
What is the units digit of 25094?
4
What is the hundreds digit of 116?
1
What is the thousands digit of 4982?
4
What is the thousands digit of 23831?
3
What is the thousands digit of 5770?
5
What is the units digit of 92?
2
What is the hundreds digit of 14769?
7
What is the thousands digit of 86290?
6
What is the units digit of 22798?
8
What is the thousands digit of 3128?
3
What is the hundreds digit of 22419?
4
What is the tens digit of 4507?
0
What is the hundreds digit of 15195?
1
What is the ten thousand